f 70864682?
4
What is the units digit of 1152456835?
5
What is the ten thousands digit of 235701452?
0
What is the units digit of 1295382198?
8
What is the hundred millions digit of 334969616?
3
What is the hundreds digit of 3770448288?
2
What is the millions digit of 1361448281?
1
What is the ten thousands digit of 652302?
5
What is the units digit of 150703691?
1
What is the tens digit of 482777139?
3
What is the ten thousands digit of 1839459566?
5
What is the ten thousands digit of 250137186?
3
What is the hundreds digit of 94890986?
9
What is the tens digit of 29764381?
8
What is the thousands digit of 3699152382?
2
What is the units digit of 1703064388?
8
What is the tens digit of 50849476?
7
What is the thousands digit of 2035395501?
5
What is the hundred millions digit of 685569387?
6
What is the ten millions digit of 1175095344?
7
What is the billions digit of 3727718604?
3
What is the ten thousands digit of 233661986?
6
What is the hundred thousands digit of 239031789?
0
What is the tens digit of 51767725?
2
What is the hundred millions digit of 447523915?
4
What is the units digit of 82492242?
2
What is the hundred millions digit of 3240503450?
2
What is the ten millions digit of 2206680143?
0
What is the ten thousands digit of 373624264?
2
What is the hundred thousands digit of 2839020?
8
What is the ten millions digit of 310448625?
1
What is the thousands digit of 140425061?
5
What is the thousands digit of 32471403?
1
What is the hundred millions digit of 651073550?
6
What is the tens digit of 6430180234?
3
What is the ten thousands digit of 456357254?
5
What is the units digit of 497934639?
9
What is the hundreds digit of 1500268146?
1
What is the tens digit of 4995771372?
7
What is the units digit of 2262271661?
1
What is the hundred millions digit of 1698686597?
6
What is the billions digit of 1223420432?
1
What is the hundred millions digit of 3472689304?
4
What is the ten millions digit of 236850309?
3
What is the hundreds digit of 545867351?
3
What is the ten thousands digit of 9949709?
4
What is the hundreds digit of 3293532459?
4
What is the tens digit of 566487912?
1
What is the ten millions digit of 801187838?
0
What is the units digit of 1826598683?
3
What is the tens digit of 1096430319?
1
What is the tens digit of 730204157?
5
What is the hundred thousands digit of 620586567?
5
What is the tens digit of 377381981?
8
What is the ten millions digit of 280469719?
8
What is the ten thousands digit of 130551029?
5
What is the hundred thousands digit of 5705192?
7
What is the units digit of 32669390?
0
What is the millions digit of 13360148?
3
What is the ten thousands digit of 679841851?
4
What is the hundreds digit of 692533751?
7
What is the ten thousands digit of 808084542?
8
What is the units digit of 11366225?
5
What is the millions digit of 1677764376?
7
What is the hundreds digit of 23937535?
5
What is the ten millions digit of 448963729?
4
What is the hundreds digit of 174532268?
2
What is the hundreds digit of 1419440876?
8
What is the ten thousands digit of 741438039?
3
What is the millions digit of 3591368937?
1
What is the hundred millions digit of 100301935?
1
What is the hundred millions digit of 741204736?
7
What is the hundred thousands digit of 79261978?
2
What is the tens digit of 181491968?
6
What is the thousands digit of 958324271?
4
What is the units digit of 78597088?
8
What is the tens digit of 517486950?
5
What is the thousands digit of 5466332073?
2
What is the ten thousands digit of 4412599?
1
What is the ten millions digit of 22599557?
2
What is the ten thousands digit of 260222664?
2
What is the units digit of 135203542?
2
What is the units digit of 4037837?
7
What is the thousands digit of 1612723815?
3
What is the thousands digit of 180179978?
9
What is the ten thousands digit of 12394111?
9
What is the tens digit of 4357234513?
1
What is the thousands digit of 112481338?
1
What is the ten thousands digit of 841437397?
3
What is the tens digit of 46065385?
8
What is the units digit of 5806159394?
4
What is the hundreds digit of 94164491?
4
What is the millions digit of 28100330?
8
What is the units digit of 135875909?
9
What is the hundreds digit of 705105630?
6
What is the units digit of 463113710?
0
What is the units digit of 262558584?
4
What is the millions digit of 41472134?
1
What is the thousands digit of 464406310?
6
What is the tens digit of 6919317302?
0
What is the thousands digit of 4873924?
3
What is the millions digit of 8990140?
8
What is the thousands digit of 27477174?
7
What is the hundreds digit of 81018008?
0
What is the tens digit of 553416682?
8
What is the hundred thousands digit of 4618688749?
6
What is the thousands digit of 76005103?
5
What is the units digit of 238108051?
1
What is the millions digit of 622058517?
2
What is the hundred millions digit of 100978640?
1
What is the ten thousands digit of 115986112?
8
What is the units digit of 4146295002?
2
What is the units digit of 53391954?
4
What is the ten thousands digit of 20846270?
4
What is the ten thousands digit of 32051500?
5
What is the ten millions digit of 187379632?
8
What is the tens digit of 186765045?
4
What is the hundreds digit of 32996414?
4
What is the hundreds digit of 1133736865?
8
What is the thousands digit of 51516698?
6
What is the hundred thousands digit of 872521414?
5
What is the ten millions digit of 25841182?
2
What is the millions digit of 26172043?
6
What is the tens digit of 36096439?
3
What is the units digit of 2480362256?
6
What is the hundred millions digit of 191762738?
1
What is the ten thousands digit of 1500373715?
7
What is the ten millions digit of 135684236?
3
What is the ten thousands digit of 391592681?
9
What is the ten millions digit of 317247795?
1
What is the millions digit of 1078304777?
8
What is the millions digit of 54531475?
4
What is the hundred millions digit of 918109321?
9
What is the tens digit of 7526057690?
9
What is the tens digit of 303284271?
7
What is the ten millions digit of 21492468?
2
What is the ten thousands digit of 55645117?
4
What is the billions digit of 1269807147?
1
What is the hundred thousands digit of 99089277?
0
What is the tens digit of 1209718625?
2
What is the thousands digit of 346426422?
6
What is the hundreds digit of 189688159?
1
What is the tens digit of 77165886?
8
What is the thousands digit of 138478602?
8
What is the millions digit of 1229945447?
9
What is the hundred thousands digit of 88208147?
2
What is the hundreds digit of 156746485?
4
What is the ten thousands digit of 28833240?
3
What is the millions digit of 51012774?
1
What is the ten millions digit of 2632512294?
3
What is the hundred millions digit of 393045598?
3
What is the tens digit of 221202272?
7
What is the ten millions digit of 3415933545?
1
What is the hundred millions digit of 4982724538?
9
What is the thousands digit of 41935375?
5
What is the millions digit of 3173115273?
3
What is the hundreds digit of 60910876?
8
What is the ten thousands digit of 3836753886?
5
What is the hundred millions digit of 220880094?
2
What is the ten millions digit of 736535906?
3
What is the ten millions digit of 321258808?
2
What is the hundred thousands digit of 652839213?
8
What is the ten thousands digit of 63975493?
7
What is the hundred millions digit of 159767645?
1
What is the ten thousands digit of 254974444?
7
What is the hundreds digit of 5688947256?
2
What is the tens digit of 81111599?
9
What is the tens digit of 20783694?
9
What is the units digit of 539676793?
3
What is the hundred thousands digit of 45963364?
9
What is the thousands digit of 915980300?
0
What is the hundreds digit of 50066215?
2
What is the thousands digit of 173972273?
2
What is the thousands digit of 13052569?
2
What is the millions digit of 255468471?
5
What is the millions digit of 11355896?
1
What is the hundreds digit of 20341968?
9
What is the thousands digit of 160315934?
5
What is the units digit of 122724696?
6
What is the units digit of 33994603?
3
What is the ten thousands digit of 34302325?
0
What is the hundred thousands digit of 578732622?
7
What is the units digit of 87422092?
2
What is the billions digit of 1017669468?
1
What is the ten millions digit of 35997023?
3
